mainder when m is divided by 19?
16
Let b(s) = -5*s**3 + 2*s + 1. Suppose f + f = -6, y + 2*f + 7 = 0. Calculate the remainder when (0 + 9 - 2) + -1 is divided by b(y).
2
Let d(q) = 12*q**3 - q**2 - q + 2. What is the remainder when 45 is divided by d(1)?
9
Let h be 308/20 - (-4)/(-10). Suppose 2*w + 7 = 7*w - m, 5*m = 5*w - h. Let f = 32 - w. Calculate the remainder when f is divided by 16.
15
Let p(k) = -3*k + 30. Calculate the remainder when 20 is divided by p(7).
2
Suppose 0 = -0*z - 4*z + 72. What is the remainder when -7 + (0 - (-9)/1) is divided by z/8 - 2/8?
0
Let x(v) = -4*v - 7. Let y be x(-7). Let h = y + -10. What is the remainder when 32 is divided by h?
10
Suppose -3*m + 12 = -138. Calculate the remainder when m is divided by 13.
11
Let o be 1*(-1)/2*-6. Let w(a) = 2*a**3 - 2*a**2 - 2*a - 1. Calculate the remainder when w(o) is divided by 10.
9
Calculate the remainder when 7 is divided by 3*(-2 - (1 - 4)).
1
Suppose 2 = 2*o - j - 1, 3*o + 5*j - 11 = 0. Suppose -o*z + 3*d + 85 = 2*z, d = 5*z - 109. Calculate the remainder when z is divided by 10*((-2)/(-10) - -1).
10
Let t = 23 + -14. What is the remainder when 26 is divided by t?
8
Suppose -2*z - 4 = z - 2*c, 5*z = 2*c - 4. Suppose 2*s = j - 15, -3*s - s + 4 = z. Calculate the remainder when 50 is divided by j.
16
Let v(d) = -2*d**2 - 17*d - 7. What is the remainder when v(-7) is divided by 8?
6
Let d = -5 - -7. Let r be (-4 + -1)*d/(-2). Suppose -3*m + r*m - 98 = 0. What is the remainder when m is divided by 17?
15
Let h = -15 + 22. Suppose 0 = 4*n - h - 53. What is the remainder when 59 is divided by n?
14
Let r(j) = 2*j**3 - 4*j**2 - 5*j + 5. What is the remainder when r(4) is divided by 25?
24
Let y be -1 - (-9 - 2)*2. Let m(z) = y - 3*z + 0*z + 0 + 2*z. Calculate the remainder when m(12) is divided by 3.
0
Let x be (-31)/(-2) + 9/(-6). Let z be (63/x)/(6/16). Suppose 0 = -5*f + f + z. Calculate the remainder when 5 is divided by f.
2
Suppose -4*v + 66 = -o - 2*o, 0 = 3*o + 5*v + 93. Let x = o - -60. What is the remainder when x is divided by 12?
10
Suppose d + 3 = -2, 3*h - 47 = d. What is the remainder when 4/h - (-416)/14 is divided by 16?
14
Let x = 45 - 32. Suppose -7 = s - 2*s. What is the remainder when x is divided by s?
6
Suppose 36 = 4*m + 4. What is the remainder when m is divided by 4?
0
Suppose 4*p - 8 = 2*p. Suppose -p*h - 33 - 247 = 0. What is the remainder when (3/3)/((-2)/h) is divided by 12?
11
Let s(j) = j**2 - 1. Let h be s(-2). Suppose 0 = -4*p - 3*m + 114, h*p - 4*m - 71 = m. Let g = p + -16. Calculate the remainder when 31 is divided by g.
9
Suppose 4 = 2*g - 0*g. Suppose -7*l + 285 = -g*l. Calculate the remainder when l is divided by 20.
17
What is the remainder when ((-248)/(-12))/((8/9)/4) is divided by 50?
43
Suppose 0 = 8*h - 3*h - 130. Let k(x) be the second derivative of x**3/6 + 2*x**2 + 2*x. Calculate the remainder when h is divided by k(5).
8
Let w(h) be the second derivative of -1/2*h**2 + 1/6*h**3 - h + 0. What is the remainder when 4 is divided by w(3)?
0
Suppose 0 = -5*n + 2*n + 2*j + 32, n + j = 19. Calculate the remainder when 82 is divided by n.
12
Let v = 140 - 99. Let s be 2/(-5)*5/(-1). Suppose -3*d + 3*f = -s*d - 15, 3*f = -d + 27. What is the remainder when v is divided by d?
20
Let f(t) = t**2 + 2*t + 14. Calculate the remainder when 19 is divided by f(0).
5
Let p(g) = 33*g**2 - 2*g + 1. Let b be p(1). Suppose -2*d = 4*n - b, n = -3*n + 5*d + 4. Calculate the remainder when 21 is divided by n.
3
Calculate the remainder when (0 + -2 - 11)*-1 is divided by 8.
5
Let v = 12 - 5. Suppose 295 = v*i - 2*i. Suppose j = 3*w - 36, -2*j = -5*w - 0*j + i. Calculate the remainder when 25 is divided by w.
12
Let x be 4*4/(-8)*14. Let b = x + 75. Calculate the remainder when b is divided by 12.
11
Let k be 210/(-5)*(-6)/4. Let c = -36 + k. What is the remainder when c is divided by 7?
6
Suppose 279 = 5*x + 2*f - 426, -5*f = -4*x + 564. Calculate the remainder when x is divided by 24.
21
Let l = 48 + -33. What is the remainder when (-1)/4 - 109/(-4) is divided by l?
12
Let c(f) be the second derivative of 4*f**3/3 + 6*f**2 - 7*f. Calculate the remainder when c(9) is divided by 22.
18
Suppose -4*o + 5 = -3*o. Suppose 0 = -o*i + f - 0*f + 60, 3*i + 4*f - 36 = 0. Let g = -81 - -116. Calculate the remainder when g is divided by i.
11
Let y(u) = u - 4. Let z be y(5). Let p = 3 - 2. Calculate the remainder when -2*(1 + z + -3) is divided by p.
0
Let c be 4 + -6 + 3 + 1. Suppose -4*z = -z - 15. Suppose c*q + 3*q - 35 = -5*k, -z*q + 47 = k. What is the remainder when 18 is divided by q?
8
Suppose 4*q + 5*s - 5 = -q, 0 = -2*q + 5*s - 5. Suppose q = 4*b - 3*t - 217, 115 = 3*b - 3*t - 47. Calculate the remainder when b is divided by 14.
13
Calculate the remainder when (1 + 0 + 2)*988/39 is divided by (-10)/6*-4*3.
16
Let h = 5 - 8. Let y(l) = 2 - 3*l - 6 + 2. Calculate the remainder when y(h) is divided by 4.
3
Suppose 0 = 3*s + 2*s. Let a be 3 + (s/(-1) - 0). Suppose -52 = -b - a*b. What is the remainder when 25 is divided by b?
12
Let t be 16/(-4) - (2 - 2). Let k = t - -12. Calculate the remainder when 0/2 + (0 - -15) is divided by k.
7
Suppose 3*x + 3*f + 405 = 8*x, 0 = 3*x + 2*f - 224. Suppose -5*a + z = -132, 3*a = -0*a + z + x. What is the remainder when 105 is divided by a?
24
Calculate the remainder when 2/6 + 304/6 is divided by 13.
12
Let a(j) = -j**3 - 12*j**2 - 15*j - 2. What is the remainder when a(-11) is divided by 11?
9
What is the remainder when -2*(-4)/28 - (-2325)/21 is divided by 23?
19
Suppose 2*w = -2*w + 52. Suppose x - w - 10 = 0. What is the remainder when x is divided by 12?
11
Let c = 6 - 2. What is the remainder when 6 is divided by c?
2
Suppose -2 + 5 = u. Let n(y) = -y**2 - 5*y + 7. Calculate the remainder when n(-4) is divided by u.
2
Suppose 3*h = 2*x, -3*x = -5*h - 2 + 4. What is the remainder when x is divided by 2?
0
Suppose 0 = b + 3*k + 2, b + k = 1 + 7. Calculate the remainder when b is divided by 31/4 + -3 + (-13)/(-52).
3
Let r(k) = -11*k + 10. What is the remainder when r(-4) is divided by 28?
26
Suppose 5*d + 25 = 0, -5*x - 2*d + 60 = -3*x. What is the remainder when x is divided by 9?
8
Let b = -64 + 97. What is the remainder when b is divided by 17?
16
Suppose 3*m - 4 = 11. Suppose m*o + 4*s + 32 = 0, 9 = -6*o + 3*o + s. What is the remainder when 15/10 - 86/o is divided by 8?
7
What is the remainder when (-2)/7 - 130/(-14) is divided by -2 - (-4)/2 - -3?
0
Suppose -5*y - 3*p + 200 + 272 = 0, -2*p = -5*y + 477. Calculate the remainder when y is divided by 32.
31
Let a(v) = 4*v + 1 - 5 + 1. What is the remainder when 25 is divided by a(3)?
7
Suppose 2*p = -2*p - 8. Calculate the remainder when 73 is divided by (1/(-3))/(p/114).
16
Suppose -5 = -h + d, 2*d + 1 = -1. Suppose -x + 28 = 3*x. What is the remainder when x is divided by h?
3
Let w = 154 - 82. What is the remainder when w is divided by 15?
12
Suppose 1 = 2*k - 3. Suppose 0 = -3*a - p + 52, -5*a + k*p + 2*p = -115. Calculate the remainder when a is divided by 7.
5
Let f(p) = 20*p - 8. Let z be f(4). Calculate the remainder when 2/(-16) - (-513)/z is divided by 4.
3
Calculate the remainder when 56 is divided by (0 + 0 + -10)/(54/(-81)).
11
Let l(j) = -j**3 + 4*j**2 + 2. Let a be l(4). Let q(r) = 2*r**3 - 2*r. What is the remainder when 21 is divided by q(a)?
9
Let m(y) = -y**2 - 28*y - 32. What is the remainder when m(-26) is divided by 11?
9
Suppose 0 = 5*y + 4*q + 8, 5*y = 4*q + 7 + 1. Suppose y = 3*u - 11 - 10. Calculate the remainder when 19 is divided by u.
5
Suppose -3*v - 81 + 435 = 0. Calculate the remainder when 2/(v/(-122) - -1) is divided by 21.
19
Calculate the remainder when 46 is divided by (2 - -8)/(1 - 0).
6
Suppose -2*w + 20 = -20. What is the remainder when w is divided by 7?
6
Let x = 41 + 22. What is the remainder when x is divided by 18?
9
Suppose -2*m + 20 = 5*i, 0*m + 72 = 4*m + 2*i. Let x(a) = -a**2 - 21*a - 40. Calculate the remainder when x(-7) is divided by m.
18
Let s(y) = -y**2 - 11*y - 9. What is the remainder when 2 is divided by s(-10)?
0
Let k = 23 + 66. Calculate the remainder when 24 is divided by k/7 - 4/(-14).
11
Let c = 43 - 36. Calculate the remainder when 33 is divided by c.
5
Suppose -41 = 2*z - 99. Calculate th